{"id":2519,"date":"2021-09-22T15:16:57","date_gmt":"2021-09-22T13:16:57","guid":{"rendered":"https:\/\/www.serans.net\/?page_id=2519"},"modified":"2021-10-12T16:33:35","modified_gmt":"2021-10-12T14:33:35","slug":"jusquau-xve-siecle","status":"publish","type":"page","link":"https:\/\/www.serans.com\/index.php\/jusquau-xve-siecle\/","title":{"rendered":"Jusqu&rsquo;au XV\u00e8me Si\u00e8cle"},"content":{"rendered":"<h3><strong>La Moli\u00e8re:<\/strong><\/h3>\n<p>Le Vexin est un plateau recouvert de riches terres \u00e0 bl\u00e9 et \u00e0 betteraves. La butte de la Moli\u00e8re est une butte t\u00e9moin de 213 M\u00e8tres de haut qui domine de 80 m\u00e8tres le plateau du Vexin.<br \/>\nLe sommet est couronn\u00e9 par une assise argileuse contenant des bancs de pierre meuli\u00e8re (ou \u00ab\u00a0moli\u00e8re\u00a0\u00bb) qui ont \u00e9t\u00e9 exploit\u00e9s en carri\u00e8res pour les constructions jusque vers 1830.<\/p>\n<p><img loading=\"lazy\" decoding=\"async\" class=\"alignleft wp-image-2745 size-thumbnail\" src=\"https:\/\/www.serans.net\/wp-content\/uploads\/2021\/09\/24-mai-2020-42-150x150.jpg\" alt=\"\" width=\"150\" height=\"150\" srcset=\"https:\/\/www.serans.com\/wp-content\/uploads\/2021\/09\/24-mai-2020-42-150x150.jpg 150w, https:\/\/www.serans.com\/wp-content\/uploads\/2021\/09\/24-mai-2020-42-600x600.jpg 600w\" sizes=\"auto, (max-width: 150px) 100vw, 150px\" \/><\/p>\n<p>Il est recouvert de landes et de bruy\u00e8res et formait les p\u00e2turages communaux, partag\u00e9s entre les communes riveraines o\u00f9 pa\u00eessaient les moutons. Aujourd&rsquo;hui y est install\u00e9 une tour hertzienne de t\u00e9l\u00e9communication. Au-dessous, une couche de sable correspond \u00e0 la zone bois\u00e9e. Vers l&rsquo;altitude de 150 m\u00e8tres, se trouve une couche de marne verte imperm\u00e9able. En descendant jusqu&rsquo;\u00e0 l&rsquo;or\u00e9e du boisement actuel, on voit jaillir de nombreuses sources au niveau de la couche de marne. Cette pr\u00e9sence de l&rsquo;eau explique sans doute la pr\u00e9sence de l&rsquo;homme en ces lieux d\u00e8s le n\u00e9olithique. C&rsquo;est \u00e0 ce niveau l\u00e0 que l&rsquo;on retrouve des vestiges arch\u00e9ologiques.<\/p>\n<h3><strong>Avant J\u00e9sus Christ:<\/strong><\/h3>\n<p>Le Vexin est la r\u00e9gion occup\u00e9e par la tribu gauloise des V\u00e9liocasses qui, sous les empereurs romains, s&rsquo;\u00e9tendaient jusqu&rsquo;\u00e0 Rouen.<\/p>\n<h3><strong>1er si\u00e8cle:<\/strong><\/h3>\n<p>A 4 km de Serans, la chauss\u00e9e Jules C\u00e9sar, rectiligne, relie Lut\u00e8ce , Pont d&rsquo;Oise et Magny en Vexin, jusqu&rsquo;\u00e0 Rouen. C&rsquo;est l&rsquo;unique voie romaine de l&rsquo;Ile de France. Au carrefour avec le chemin de vernon \u00e0 Beauvais, s&rsquo;installe le Grand (Magnus) bourg de Magny, lieu d&rsquo;\u00e9tape et de commerce.<\/p>\n<h3><strong>70 \u00e0 250 La paix romaine (II\u00e8 si\u00e8cle &#8211; III\u00e8 si\u00e8cle):<\/strong><\/h3>\n<p>Le village de Serans s&rsquo;est implant\u00e9 au sud de la butte de la Moli\u00e8re. Le pr\u00e8s situ\u00e9 au-dessus de l&rsquo;\u00e9glise est un v\u00e9ritable site arch\u00e9ologique, o\u00f9 l&rsquo;on a retrouv\u00e9 des vestiges de l&rsquo;\u00e9poque gallo-romaine, des poteries, des tuiles&#8230;<\/p>\n<h3><strong>IV\u00e8me si\u00e8cle:<\/strong><\/h3>\n<p>Fin de la colonisation romaine. Certaines implantations peuvent avoir pour origine des domaines de colonisation qu&rsquo;\u00e9taient les \u00ab\u00a0villa\u00a0\u00bb romaines : Lier-ville, Harde-ville, Amble-ville, Omer-ville (la Villa d&rsquo;Omer), Genain-ville, Villar-ceaux, Boucon-villiers (villard et villiers sont des d\u00e9pendances d&rsquo;un domaine). Le Mesnil d\u00e9signe une maison rurale isol\u00e9e, alors que Wy est un village (de \u00ab\u00a0vicus) Wy dit joli village.<\/p>\n<h3><strong>V\u00e8me si\u00e8cle:<\/strong><\/h3>\n<p>400 &#8211; les grandes invasions<br \/>\n450 &#8211; L&rsquo;instauration du royaume franc, M\u00e9rov\u00e9e et Clovis. A l&rsquo;\u00e9poque merovingienne, l&rsquo;habitat dispers\u00e9, h\u00e9ritier des villas romaines, dispara\u00eet et se regroupe autour des lieux forts comme les lieux de culte : Montreuil sur Epte d\u00e9signe un petit monast\u00e8re (monast\u00e9rule). A cette \u00e9poque, les francs s&rsquo;installent parmi les gallo-romains de la tribu des veliocasses. Les domaines ruraux sont appel\u00e9s \u00ab\u00a0cortis\u00a0\u00bb (court) : nu-court (nouveau domaine), Alain-court (court d&rsquo;Alain), Lian-court, Hadan-court, Fr\u00e9m\u00e9-court, Bazin-court, Th\u00e9m\u00e9-ricourt.<\/p>\n<h3><strong>VI\u00e8me si\u00e8cle &#8211; VII\u00e8me si\u00e8cle:<\/strong><\/h3>\n<p>650 &#8211; C&rsquo;est l&rsquo;\u00e9poque des grandes abbayes normandes de St Wandrille, Jumi\u00e8ges.<\/p>\n<h3><strong>VIII\u00e8me si\u00e8cle &#8211; IX\u00e8me si\u00e8cle:<\/strong><\/h3>\n<p>841 &#8211; Rouen est incendi\u00e9 par les vikings (guerriers de la mer), dits Normands (hommes du nord &#8211; Norv\u00e8ge) qui pendant 50 ans, vont piller et occuper la r\u00e9gion entre la Seine et la Bretagne. En remontant la Seine avec leur Drakkars, ils font des raids et s\u00e8ment la terreur.<\/p>\n<h3><strong>X\u00e8me si\u00e8cle:<\/strong><\/h3>\n<p>911 &#8211; Rollon et ses normands sont repouss\u00e9s devant Paris et devant Chartres. Le roi Charles le simple, par le trait\u00e9 de Saint Clair sur Epte (\u00e0 22 km de S\u00e9rans) lui accorde le Comt\u00e9 de la Basse Seine, qui deviendra le Duch\u00e9 de Normandie. Rollon acc\u00e8pte le Bapt\u00e8me et devient vassal du roi de France. Lors de la c\u00e9r\u00e9monie de l&rsquo;hommage, le vassal baise le pied du suzerain, mais le normand refusant de s&rsquo;incliner, l\u00e8ve le pied si haut, qu&rsquo;il fait tomber le roi \u00e0 la renverse. Le Vexin est partag\u00e9 entre les francs (Vexin fran\u00e7ais) et les normands (Vexin normand). La rivi\u00e8re Epte devient alors la fronti\u00e8re fortifi\u00e9e.<\/p>\n<h3><strong>XI\u00e8me si\u00e8cle:<\/strong><\/h3>\n<p>Serans le bouteiller La seigneurie de S\u00e9rans appartient \u00e0 la famille Cl\u00e9ry-S\u00e9rans, originaire de Senlis, dont plusieurs membres eurent la charge de \u00ab\u00a0bouteiller de France\u00a0\u00bb aupr\u00e8s du roi (ou boutillier), c&rsquo;est \u00e0 dire d&rsquo;approvisionner en vin la table du souverain. Le titre est \u00e9galement honorifique et le village s&rsquo;appelle alors \u00ab\u00a0Serans la bouteiller\u00a0\u00bb, ce qui permet de le distinguer du hameau de S\u00e9rans le Gast (c.\u00e0.d la jach\u00e8re) appel\u00e9 aujourd&rsquo;hui \u00ab\u00a0Petit S\u00e9rans\u00a0\u00bb.<\/p>\n<h3><strong>XII\u00e8me si\u00e8cle:<\/strong><\/h3>\n<p><img loading=\"lazy\" decoding=\"async\" class=\"alignleft wp-image-2738 size-thumbnail\" src=\"https:\/\/www.serans.net\/wp-content\/uploads\/2021\/09\/24-mai-2020-6-150x150.jpg\" alt=\"\" width=\"150\" height=\"150\" srcset=\"https:\/\/www.serans.com\/wp-content\/uploads\/2021\/09\/24-mai-2020-6-150x150.jpg 150w, https:\/\/www.serans.com\/wp-content\/uploads\/2021\/09\/24-mai-2020-6-600x600.jpg 600w\" sizes=\"auto, (max-width: 150px) 100vw, 150px\" \/>L&rsquo;\u00e9glise romane vers 1090-1110 A la fin du XIe si\u00e8cle et au d\u00e9but du XIIe si\u00e8cle, on construit la premi\u00e8re \u00e9glise en style roman sur un replat situ\u00e9 \u00e0 mi-pente de la Butte de la Moli\u00e8re. Les Charrois de pierre sortent de la carri\u00e8re du moulin de Nucourt. L&rsquo;\u00e9glise est visible depuis tous les chemins de la r\u00e9gion ; que l&rsquo;on vienne de Magny en Vexin, de Nucourt, de Montagny Ou de Chaumont, le regard est attir\u00e9 par ce monument ; de plus le clocher permet d&rsquo;observer les environs. L&rsquo;\u00e9glise est en forme de croix latine, c&rsquo;est \u00e0 dire avec un transept. Aujourd&rsquo;hui seul le clocher d&rsquo;origine subsiste \u00e0 la crois\u00e9e du transept ainsi que quelques pans de mur du transept.<\/p>\n<h3><strong>XIV\u00e8me si\u00e8cle:<\/strong><\/h3>\n<p>1581- La cloche de l&rsquo;\u00e9glise est consacr\u00e9e. On peut l&rsquo;admirer de pr\u00e8s aujourd&rsquo;hui, car elle se trouve sur le sol au fond de l&rsquo;\u00e9glise (cf 1994). Elle est class\u00e9e monument historique. Elle porte les inscriptions suivantes: \u00ab\u00a0L&rsquo;AN MIL VLXI (1561) IEFVS ET SVIS NOMMEE MARIE PAR NICOLAS LE VICOMTE FERRY DE HARDEVILLE LOYS DE CLERY &#8211; CHARLES DE HARDEVILLE &#8211; FRANCOIS DE BOULLAINVILLIER TOUS ESCVIERS ET PAROISSIANS DE SERANS\u00a0\u00bb.<\/p>\n<h3><strong>XV\u00e8me si\u00e8cle:<\/strong><\/h3>\n<p>vers 1500 C&rsquo;est l&rsquo;explosion du gothique flamboyant<\/p>\n","protected":false},"excerpt":{"rendered":"<p>La Moli\u00e8re: Le Vexin est un plateau recouvert de riches terres \u00e0 bl\u00e9 et \u00e0 betteraves. La butte de la Moli\u00e8re est une butte t\u00e9moin de 213 M\u00e8tres de haut qui domine de 80 m\u00e8tres le plateau du Vexin. Le<\/p>\n","protected":false},"author":1,"featured_media":0,"parent":0,"menu_order":0,"comment_status":"closed","ping_status":"closed","template":"","meta":{"footnotes":""},"class_list":["post-2519","page","type-page","status-publish","hentry"],"_links":{"self":[{"href":"https:\/\/www.serans.com\/index.php\/wp-json\/wp\/v2\/pages\/2519","targetHints":{"allow":["GET"]}}],"collection":[{"href":"https:\/\/www.serans.com\/index.php\/wp-json\/wp\/v2\/pages"}],"about":[{"href":"https:\/\/www.serans.com\/index.php\/wp-json\/wp\/v2\/types\/page"}],"author":[{"embeddable":true,"href":"https:\/\/www.serans.com\/index.php\/wp-json\/wp\/v2\/users\/1"}],"replies":[{"embeddable":true,"href":"https:\/\/www.serans.com\/index.php\/wp-json\/wp\/v2\/comments?post=2519"}],"version-history":[{"count":15,"href":"https:\/\/www.serans.com\/index.php\/wp-json\/wp\/v2\/pages\/2519\/revisions"}],"predecessor-version":[{"id":3059,"href":"https:\/\/www.serans.com\/index.php\/wp-json\/wp\/v2\/pages\/2519\/revisions\/3059"}],"wp:attachment":[{"href":"https:\/\/www.serans.com\/index.php\/wp-json\/wp\/v2\/media?parent=2519"}],"curies":[{"name":"wp","href":"https:\/\/api.w.org\/{rel}","templated":true}]}}

Jusqu&rsquo;au XVème Siècle

<h3><strong>La Molière:</strong></h3>
<p>Le Vexin est un plateau recouvert de riches terres à blé et à betteraves. La butte de la Molière est une butte témoin de 213 Mètres de haut qui domine de 80 mètres le plateau du Vexin.<br />
Le sommet est couronné par une assise argileuse contenant des bancs de pierre meulière (ou « molière ») qui ont été exploités en carrières pour les constructions jusque vers 1830.</p>
<p><img loading="lazy" decoding="async" class="alignleft wp-image-2745 size-thumbnail" src="https://www.serans.net/wp-content/uploads/2021/09/24-mai-2020-42-150x150.jpg" alt="" width="150" height="150" srcset="https://www.serans.com/wp-content/uploads/2021/09/24-mai-2020-42-150x150.jpg 150w, https://www.serans.com/wp-content/uploads/2021/09/24-mai-2020-42-600x600.jpg 600w" sizes="auto, (max-width: 150px) 100vw, 150px" /></p>
<p>Il est recouvert de landes et de bruyères et formait les pâturages communaux, partagés entre les communes riveraines où paîssaient les moutons. Aujourd&rsquo;hui y est installé une tour hertzienne de télécommunication. Au-dessous, une couche de sable correspond à la zone boisée. Vers l&rsquo;altitude de 150 mètres, se trouve une couche de marne verte imperméable. En descendant jusqu&rsquo;à l&rsquo;orée du boisement actuel, on voit jaillir de nombreuses sources au niveau de la couche de marne. Cette présence de l&rsquo;eau explique sans doute la présence de l&rsquo;homme en ces lieux dès le néolithique. C&rsquo;est à ce niveau là que l&rsquo;on retrouve des vestiges archéologiques.</p>
<h3><strong>Avant Jésus Christ:</strong></h3>
<p>Le Vexin est la région occupée par la tribu gauloise des Véliocasses qui, sous les empereurs romains, s&rsquo;étendaient jusqu&rsquo;à Rouen.</p>
<h3><strong>1er siècle:</strong></h3>
<p>A 4 km de Serans, la chaussée Jules César, rectiligne, relie Lutèce , Pont d&rsquo;Oise et Magny en Vexin, jusqu&rsquo;à Rouen. C&rsquo;est l&rsquo;unique voie romaine de l&rsquo;Ile de France. Au carrefour avec le chemin de vernon à Beauvais, s&rsquo;installe le Grand (Magnus) bourg de Magny, lieu d&rsquo;étape et de commerce.</p>
<h3><strong>70 à 250 La paix romaine (IIè siècle &#8211; IIIè siècle):</strong></h3>
<p>Le village de Serans s&rsquo;est implanté au sud de la butte de la Molière. Le près situé au-dessus de l&rsquo;église est un véritable site archéologique, où l&rsquo;on a retrouvé des vestiges de l&rsquo;époque gallo-romaine, des poteries, des tuiles&#8230;</p>
<h3><strong>IVème siècle:</strong></h3>
<p>Fin de la colonisation romaine. Certaines implantations peuvent avoir pour origine des domaines de colonisation qu&rsquo;étaient les « villa » romaines : Lier-ville, Harde-ville, Amble-ville, Omer-ville (la Villa d&rsquo;Omer), Genain-ville, Villar-ceaux, Boucon-villiers (villard et villiers sont des dépendances d&rsquo;un domaine). Le Mesnil désigne une maison rurale isolée, alors que Wy est un village (de « vicus) Wy dit joli village.</p>
<h3><strong>Vème siècle:</strong></h3>
<p>400 &#8211; les grandes invasions<br />
450 &#8211; L&rsquo;instauration du royaume franc, Mérovée et Clovis. A l&rsquo;époque merovingienne, l&rsquo;habitat dispersé, héritier des villas romaines, disparaît et se regroupe autour des lieux forts comme les lieux de culte : Montreuil sur Epte désigne un petit monastère (monastérule). A cette époque, les francs s&rsquo;installent parmi les gallo-romains de la tribu des veliocasses. Les domaines ruraux sont appelés « cortis » (court) : nu-court (nouveau domaine), Alain-court (court d&rsquo;Alain), Lian-court, Hadan-court, Frémé-court, Bazin-court, Thémé-ricourt.</p>
<h3><strong>VIème siècle &#8211; VIIème siècle:</strong></h3>
<p>650 &#8211; C&rsquo;est l&rsquo;époque des grandes abbayes normandes de St Wandrille, Jumièges.</p>
<h3><strong>VIIIème siècle &#8211; IXème siècle:</strong></h3>
<p>841 &#8211; Rouen est incendié par les vikings (guerriers de la mer), dits Normands (hommes du nord &#8211; Norvège) qui pendant 50 ans, vont piller et occuper la région entre la Seine et la Bretagne. En remontant la Seine avec leur Drakkars, ils font des raids et sèment la terreur.</p>
<h3><strong>Xème siècle:</strong></h3>
<p>911 &#8211; Rollon et ses normands sont repoussés devant Paris et devant Chartres. Le roi Charles le simple, par le traité de Saint Clair sur Epte (à 22 km de Sérans) lui accorde le Comté de la Basse Seine, qui deviendra le Duché de Normandie. Rollon accèpte le Baptème et devient vassal du roi de France. Lors de la cérémonie de l&rsquo;hommage, le vassal baise le pied du suzerain, mais le normand refusant de s&rsquo;incliner, lève le pied si haut, qu&rsquo;il fait tomber le roi à la renverse. Le Vexin est partagé entre les francs (Vexin français) et les normands (Vexin normand). La rivière Epte devient alors la frontière fortifiée.</p>
<h3><strong>XIème siècle:</strong></h3>
<p>Serans le bouteiller La seigneurie de Sérans appartient à la famille Cléry-Sérans, originaire de Senlis, dont plusieurs membres eurent la charge de « bouteiller de France » auprès du roi (ou boutillier), c&rsquo;est à dire d&rsquo;approvisionner en vin la table du souverain. Le titre est également honorifique et le village s&rsquo;appelle alors « Serans la bouteiller », ce qui permet de le distinguer du hameau de Sérans le Gast (c.à.d la jachère) appelé aujourd&rsquo;hui « Petit Sérans ».</p>
<h3><strong>XIIème siècle:</strong></h3>
<p><img loading="lazy" decoding="async" class="alignleft wp-image-2738 size-thumbnail" src="https://www.serans.net/wp-content/uploads/2021/09/24-mai-2020-6-150x150.jpg" alt="" width="150" height="150" srcset="https://www.serans.com/wp-content/uploads/2021/09/24-mai-2020-6-150x150.jpg 150w, https://www.serans.com/wp-content/uploads/2021/09/24-mai-2020-6-600x600.jpg 600w" sizes="auto, (max-width: 150px) 100vw, 150px" />L&rsquo;église romane vers 1090-1110 A la fin du XIe siècle et au début du XIIe siècle, on construit la première église en style roman sur un replat situé à mi-pente de la Butte de la Molière. Les Charrois de pierre sortent de la carrière du moulin de Nucourt. L&rsquo;église est visible depuis tous les chemins de la région ; que l&rsquo;on vienne de Magny en Vexin, de Nucourt, de Montagny Ou de Chaumont, le regard est attiré par ce monument ; de plus le clocher permet d&rsquo;observer les environs. L&rsquo;église est en forme de croix latine, c&rsquo;est à dire avec un transept. Aujourd&rsquo;hui seul le clocher d&rsquo;origine subsiste à la croisée du transept ainsi que quelques pans de mur du transept.</p>
<h3><strong>XIVème siècle:</strong></h3>
<p>1581- La cloche de l&rsquo;église est consacrée. On peut l&rsquo;admirer de près aujourd&rsquo;hui, car elle se trouve sur le sol au fond de l&rsquo;église (cf 1994). Elle est classée monument historique. Elle porte les inscriptions suivantes: « L&rsquo;AN MIL VLXI (1561) IEFVS ET SVIS NOMMEE MARIE PAR NICOLAS LE VICOMTE FERRY DE HARDEVILLE LOYS DE CLERY &#8211; CHARLES DE HARDEVILLE &#8211; FRANCOIS DE BOULLAINVILLIER TOUS ESCVIERS ET PAROISSIANS DE SERANS ».</p>
<h3><strong>XVème siècle:</strong></h3>
<p>vers 1500 C&rsquo;est l&rsquo;explosion du gothique flamboyant</p>

<p>La Molière: Le Vexin est un plateau recouvert de riches terres à blé et à betteraves. La butte de la Molière est une butte témoin de 213 Mètres de haut qui domine de 80 mètres le plateau du Vexin. Le</p>
