{"id":2517,"date":"2021-09-22T15:15:32","date_gmt":"2021-09-22T13:15:32","guid":{"rendered":"https:\/\/www.serans.net\/?page_id=2517"},"modified":"2022-03-21T20:58:15","modified_gmt":"2022-03-21T19:58:15","slug":"tourisme","status":"publish","type":"page","link":"https:\/\/www.serans.com\/index.php\/tourisme\/","title":{"rendered":"Tourisme vert"},"content":{"rendered":"<p>D\u00e9couvrez <a href=\"https:\/\/www.serans.com\/wp-content\/uploads\/2021\/09\/balades_moliere.jpg\" target=\"_blank\" rel=\"noopener\">la carte des balades en Moli\u00e8re<\/a> <img loading=\"lazy\" decoding=\"async\" src=\"http:\/\/www.serans.net\/wp-content\/uploads\/2021\/09\/pdf.gif\" alt=\"\" width=\"17\" height=\"16\" \/><\/p>\n<p>D\u00e9couvrez le site de la <a href=\"http:\/\/lacommunautedeschemins.fr\/fr\/archeologie-et-histoire\/103-serans-village.html\">Communaut\u00e9 des Chemins<\/a><\/p>\n<p><strong><span style=\"color: #34408b;\">Un exemple de balade au d\u00e9part de Serans:<\/span><\/strong><\/p>\n<p>La \u00ab\u00a0boucle de Velannes\u00a0\u00bb &#8211; sur 8km &#8211; Compter 2 heures de marche environ.<br \/>\nD\u00e9part : cimeti\u00e8re de Serans.<br \/>\nBalisage : bleu tiret\u00e9.<br \/>\nLa premi\u00e8re partie du parcours se situe en plaine, jusqu&rsquo;au lieu dit de Velannes le bois. Au milieu de quelques maisons et sur le parcours, une ancienne pompe orn\u00e9e d&rsquo;une sculpture de t\u00eate d&rsquo;animal. La descente bois\u00e9e vers les cressonni\u00e8res de Nucourt est agr\u00e9able et le site est digne d&rsquo;int\u00e9r\u00eat.<br \/>\nEn effet, avant de reprendre la mont\u00e9e par le G.R 11, sur la gauche vous pouvez descendre jusqu&rsquo;\u00e0 la source de l&rsquo;Aubette, et m\u00eame poursuivre jusqu&rsquo;\u00e0 l&rsquo;\u00e9glise de Nucourt qui, seule au milieu des bois, m\u00e9rite le d\u00e9tour.<br \/>\nA partir de la source, vous remontez vers le bois et suivez le G.R 11 tout de suite \u00e0 votre droite. Celui-ci va vous permettre de revenir par le bois et la plaine. En sortant du bois, il faut traverser la route d\u00e9partementale 157 et retrouver assez vite ce m\u00eame G.R sur le cot\u00e9 droit de la route en remontant.<br \/>\nVous le laissez ensuite au premier croisement de chemins en plaine pour suivre celui de gauche. dans cette partie d\u00e9gag\u00e9e, vous vous trouvez face \u00e0 la moli\u00e8re, entre les villages de Serans et Hadancourt dont vous apercevez le hameau de L\u00e8vemont \u00e0 flanc de colline.<br \/>\nVous avez une portion de route d\u00e9partementale \u00e0 suivre avant de rentrer dans Serans, et vous traversez le village pour revenir.<\/p>\n<p>A partir de la source, vous remontez vers le bois et suivez le G.R 11 tout de suite \u00e0 votre droite. Celui-ci va vous permettre de revenir par le bois et la plaine. En sortant du bois, il faut traverser la route d\u00e9partementale 157 et retrouver assez vite ce m\u00eame G.R sur le cot\u00e9 droit de la route en remontant.<br \/>\nVous le laissez ensuite au premier croisement de chemins en plaine pour suivre celui de gauche. dans cette partie d\u00e9gag\u00e9e, vous vous trouvez face \u00e0 la moli\u00e8re, entre les villages de Serans et Hadancourt dont vous apercevez le hameau de L\u00e8vemont \u00e0 flanc de colline.<br \/>\nVous avez une portion de route d\u00e9partementale \u00e0 suivre avant de rentrer dans Serans, et vous traversez le village pour revenir au cimeti\u00e8re<\/p>\n<h3><span style=\"color: #34408b;\">Tourisme culturel:<\/span><\/h3>\n<p>La commune de Serans poss\u00e8de un magnifique exemple d&rsquo;architecture gothique, l&rsquo;\u00e9glise de Serans, class\u00e9e au patrimoine national et tenant ses origines du XI\u00e8me si\u00e8cle. En t\u00e9moigne la clocher carr\u00e9 \u00e0 b\u00e2ti\u00e8re (toiture \u00e0 2 pans).<\/p>\n<p><img loading=\"lazy\" decoding=\"async\" class=\"alignleft wp-image-2729 size-medium\" src=\"https:\/\/www.serans.net\/wp-content\/uploads\/2021\/09\/14-juin-2020-6-225x300.jpg\" alt=\"\" width=\"225\" height=\"300\" srcset=\"https:\/\/www.serans.com\/wp-content\/uploads\/2021\/09\/14-juin-2020-6-225x300.jpg 225w, https:\/\/www.serans.com\/wp-content\/uploads\/2021\/09\/14-juin-2020-6-768x1024.jpg 768w, https:\/\/www.serans.com\/wp-content\/uploads\/2021\/09\/14-juin-2020-6-1152x1536.jpg 1152w, https:\/\/www.serans.com\/wp-content\/uploads\/2021\/09\/14-juin-2020-6.jpg 1280w\" sizes=\"auto, (max-width: 225px) 100vw, 225px\" \/><\/p>\n<p>La fa\u00e7ade du XVIe si\u00e8cle, exprime parfaitement le style gothique flamboyant dans sa splendeur et son exub\u00e9rance:<\/p>\n<p>un g\u00e2ble (pignon d\u00e9coratif surmontant une porte ou une fen\u00eatre) en accolade surmonte le portail, dont les voussures sont d\u00e9cor\u00e9es d&rsquo;anges musiciens et des pinacles terminent les contreforts&#8230;<br \/>\nLe trumeau est creus\u00e9 d&rsquo;une niche abritant Saint Denis, le patron de l&rsquo;\u00e9glise.<br \/>\nLa nef et les bas-cot\u00e9s sont contemporains de la fa\u00e7ade. Les murs poss\u00e8dent des fen\u00eatres hautes, des arcs boutants, dont les cul\u00e9es sont surmont\u00e9es de pinacles.<br \/>\nLes fen\u00eatres des bas-cot\u00e9s sont \u00e0 remplage flamboyant.<\/p>\n<p>Le choeur date du XIII \u00e8me si\u00e8cle et remplace probablement l&rsquo;abside romane de l&rsquo;\u00e9difice premier. De chaque cot\u00e9 du choeur s&rsquo;ouvrent des chapelles formant les croisillons. On observe au nord, une baie romane bouch\u00e9e, attestant de la pr\u00e9sence du transept roman. La chapelle sud, plus ancienne, communiquait avec le presbyt\u00e8re aujourd&rsquo;hui restaur\u00e9 et r\u00e9habilit\u00e9 par la municipalit\u00e9.<\/p>\n<p><span style=\"color: #34408b;\"><strong>Pour y acc\u00e9der:<\/strong><\/span><\/p>\n<p><img loading=\"lazy\" decoding=\"async\" class=\"alignright wp-image-2720 size-thumbnail\" src=\"https:\/\/www.serans.net\/wp-content\/uploads\/2021\/09\/24-mai-2020-121-150x150.jpg\" alt=\"\" width=\"150\" height=\"150\" srcset=\"https:\/\/www.serans.com\/wp-content\/uploads\/2021\/09\/24-mai-2020-121-150x150.jpg 150w, https:\/\/www.serans.com\/wp-content\/uploads\/2021\/09\/24-mai-2020-121-600x600.jpg 600w\" sizes=\"auto, (max-width: 150px) 100vw, 150px\" \/>En venant de Magny en Vexin ; remonter la rue de la Mairie, puis prendre \u00e0 droite la rue de l&rsquo;\u00e9glise.<br \/>\nEn venant de Hadancourt le Haut Clocher ; apr\u00e8s le restaurant de la Moli\u00e8re prendre \u00e0 droite la rue du Prieur\u00e9.<\/p>\n","protected":false},"excerpt":{"rendered":"<p>D\u00e9couvrez la carte des balades en Moli\u00e8re D\u00e9couvrez le site de la Communaut\u00e9 des Chemins Un exemple de balade au d\u00e9part de Serans: La \u00ab\u00a0boucle de Velannes\u00a0\u00bb &#8211; sur 8km &#8211; Compter 2 heures de marche environ. D\u00e9part : cimeti\u00e8re<\/p>\n","protected":false},"author":1,"featured_media":0,"parent":0,"menu_order":0,"comment_status":"closed","ping_status":"closed","template":"","meta":{"footnotes":""},"class_list":["post-2517","page","type-page","status-publish","hentry"],"_links":{"self":[{"href":"https:\/\/www.serans.com\/index.php\/wp-json\/wp\/v2\/pages\/2517","targetHints":{"allow":["GET"]}}],"collection":[{"href":"https:\/\/www.serans.com\/index.php\/wp-json\/wp\/v2\/pages"}],"about":[{"href":"https:\/\/www.serans.com\/index.php\/wp-json\/wp\/v2\/types\/page"}],"author":[{"embeddable":true,"href":"https:\/\/www.serans.com\/index.php\/wp-json\/wp\/v2\/users\/1"}],"replies":[{"embeddable":true,"href":"https:\/\/www.serans.com\/index.php\/wp-json\/wp\/v2\/comments?post=2517"}],"version-history":[{"count":22,"href":"https:\/\/www.serans.com\/index.php\/wp-json\/wp\/v2\/pages\/2517\/revisions"}],"predecessor-version":[{"id":3245,"href":"https:\/\/www.serans.com\/index.php\/wp-json\/wp\/v2\/pages\/2517\/revisions\/3245"}],"wp:attachment":[{"href":"https:\/\/www.serans.com\/index.php\/wp-json\/wp\/v2\/media?parent=2517"}],"curies":[{"name":"wp","href":"https:\/\/api.w.org\/{rel}","templated":true}]}}